*v + 4. Let z be x(3). Let o = -66 + z. Suppose 15*h + 91 = o*h. What is the units digit of h?
3
Suppose -3490*a + 286770 = -3479*a. What is the thousands digit of a?
6
Suppose 0 = 3*j + 8*s - 5*s - 41964, -2*j + s = -27991. What is the units digit of j?
3
Let a = 67240 - 12062. What is the thousands digit of a?
5
Suppose -7*u + 175 + 9457 = 0. Let f = u + -968. What is the hundreds digit of f?
4
Suppose o = k - 4*o + 41, 2*k = 2*o - 106. Suppose 0 = -d, 3*j + 3*d = -2 - 121. Let p = j - k. What is the tens digit of p?
1
Suppose -418662 = -255*d + 315452 + 1866376. What is the units digit of d?
8
Let q(x) = 12845*x - 3026. What is the ten thousands digit of q(4)?
4
What is the ten thousands digit of 42096/440*11*(-160)/(-3) - 2?
5
Suppose -2*d = 4*s - 12986, -9*d = -12*d + 3*s + 19479. Suppose 0*h = 5*h - a - 8117, -a - d = -4*h. What is the tens digit of h?
2
Let y(x) = 377*x + 588. What is the units digit of y(29)?
1
Let a be (-2 + -8)*4/(-10). Let z be 18/(-9) + 64/8 + 0. Suppose 2*r = -2*s + 300, z*s + a*r - 748 = s. What is the units digit of s?
8
Suppose 8*b + 24 = 9*b. Suppose 0 = a - 4, -t - 3*t = 4*a - b. Suppose -5*d = t*y - 108, -y = -2*y + 3*d + 76. What is the units digit of y?
4
Let z(a) = 5*a + 7*a - 6*a + 4*a + 100. What is the units digit of z(-9)?
0
Suppose 414*g - 497*g = -873243. What is the hundreds digit of g?
5
Let c be (-64)/12 - 12/(-9). What is the tens digit of 5 + c - (1 - 132)?
3
Let j(t) = -1150*t - 2961. What is the ten thousands digit of j(-23)?
2
Let h be (1/(8/(-2914)))/((-11)/44). Suppose 3*t - 4*n - h = -0*n, 0 = -3*n + 12. What is the units digit of t?
1
Let l = -60 - -58. Let v be (l - -7 - 2) + (13 - 17). What is the tens digit of (v - -2) + 69 + 17 + -18?
6
What is the hundreds digit of (-6)/10 - 393300/(-500)?
7
What is the ten thousands digit of -9 + 584/64 - (-363501)/24?
1
Let d(i) = -6*i**3 - 21*i**2 + 19*i + 32. Let z be d(-16). Suppose -43*w + z = -29*w. What is the tens digit of w?
5
What is the tens digit of (-1308613)/(-35) - (-1140)/19950?
8
Let v be -1*((-47)/(-2) + -1)*72828/(-1785). Let r = 12 - -2. Suppose 4*k + r*k = v. What is the units digit of k?
1
Suppose 75*b + 75*b + 81688 = 158*b. What is the units digit of b?
1
Let x = -2978 - -5340. Suppose -3*k + 34*b + 1774 = 35*b, 3*b - x = -4*k. What is the units digit of k?
2
Let c(n) = 3*n**3 - 5*n**2 - 3*n - 14. Let d be c(8). Suppose 2*x = -4*s + 1202, 10*x - 8*x = 4*s + d. What is the tens digit of x?
9
Let v be (29 + 1)/(9/12). Suppose v = h + 38. What is the units digit of -3 + (99 - ((h - 0) + 1))?
3
Let i(j) = -17*j**2 + 4*j - 3. Let t be i(-7). Suppose -4*s - 6 + 2 = 2*r, 0 = 2*r + s + 4. What is the hundreds digit of r + 4/2 + t/(-8)?
1
Let g = 38 + -37. Let a be -1 + g*-2 + (0 - -3). Suppose -12*u + 17*u - 25 = a. What is the units digit of u?
5
Suppose -8*u + 35 = 3. Let c = -454 - -304. What is the units digit of (u/12)/((-1)/c)?
0
Let c(j) = -23*j - 57 - 8*j + 7*j. Let g be -14 + ((-4)/5)/((-2)/15). What is the tens digit of c(g)?
3
Let p = 2368 - 2411. Let y be 2/(2/(-11)) + -2. Let n = y - p. What is the tens digit of n?
3
Suppose 9020 = 7*m - 2698. What is the tens digit of m?
7
Suppose -2*p = -q + 5*q - 1360, -708 = -2*q + 6*p. What is the units digit of q?
2
What is the ten thousands digit of (-4)/(-50) + -7*(-14675352)/4200?
2
What is the thousands digit of (2/(-4))/((-9)/828846*3)?
5
Suppose -17*t = -26 - 42. Suppose -5*p + t*l + 4466 = 0, 6*l = -5*p + l + 4430. What is the units digit of p?
0
Suppose 60*x = 50*x + 29600. Let i = x + -1934. What is the hundreds digit of i?
0
Let v be 1/2*-1*360/(-12). Suppose -u = -i - v, -4*u = -3*u + 2*i - 6. What is the units digit of ((-1592)/u)/(4/(-6))?
9
Suppose 5*b - 124875 = 5*g, 5*g + 12633 = b - 12310. What is the ten thousands digit of b?
2
Let h(y) = -y + 1. Let s be h(3). Let o = s + 555. What is the units digit of o?
3
Suppose -1301056 - 1300270 = -73*j - 18*j. What is the ten thousands digit of j?
2
What is the units digit of (168/1152*-8)/((-14)/18)*814?
1
Suppose 0 = 20*f - 154*f + 2042562. What is the hundreds digit of f?
2
Let m = -16190 + 24099. What is the hundreds digit of m?
9
Let s(u) = -2*u**2 - 20*u - 9. Let n(z) = z**2 + 10*z + 5. Let t(q) = 7*n(q) + 3*s(q). Let f be t(-12). Let b = 1 + f. What is the tens digit of b?
3
What is the units digit of 36736 + 553/(-79)*(0 + 2 - 1)?
9
Let k(f) = 18*f**3 + 3*f**2 + f + 2. Let n be k(-2). Suppose 2751 = 33*c - 3849. Let b = c + n. What is the units digit of b?
8
Suppose 2*g - 65 = p, -3*g + 56 = -4*p - 189. Let d = p - -64. Suppose -106 = -3*x - r + 238, -3*x + 352 = d*r. What is the hundreds digit of x?
1
Suppose -n + 3812 = -614. What is the thousands digit of n?
4
Let l(t) = -35*t**2 - 9*t - 31. Let d be l(-3). Let c = d - -351. What is the tens digit of c?
3
Let s = -42 - -59. Let q(i) = -i**2 + 36*i - 9. What is the units digit of q(s)?
4
Let k = 12915 - 606. What is the thousands digit of k?
2
What is the units digit of -565*(-13 + (-306)/45)?
7
Let u(p) = p**3 - 9*p**2 + 11*p + 17. Let s(x) = 2*x + 3. Let r be s(4). What is the units digit of u(r)?
0
Let x = -264 + 259. What is the tens digit of (-1231)/((-4)/(-20)*x)?
3
Suppose -3*q - 6*y + 59 = -2*y, 0 = 3*q + 2*y - 55. Let u = -5 + q. What is the units digit of 68/6 - 4/u?
1
Suppose 130845 + 82298 = 3*g - 4*m, g = -2*m + 71041. What is the hundreds digit of g?
0
Let u(n) = n**2 - 5*n + 2. Let o be u(6). Let p(r) be the second derivative of 2*r**3 + 7*r**2 - 29*r. What is the hundreds digit of p(o)?
1
Suppose -f = -4*i - 1332, -2*f + 1209 + 1465 = -3*i. Suppose -36*k + f = -23428. What is the tens digit of k?
8
Let f(l) be the first derivative of l**3 - 2*l**2 - 270*l - 148. What is the thousands digit of f(-26)?
1
Let t(m) = -8*m - 57. Let g be t(-8). What is the hundreds digit of -994*g/(28/(-2))?
4
Let j(b) be the third derivative of b**4/6 + 5*b**3/6 - 4*b**2 - 11*b. Let h = -4 + 8. What is the units digit of j(h)?
1
Suppose 618*c + 3292454 = 727*c. What is the hundreds digit of c?
2
Suppose -4 = 2*p - p, 3*p = 5*l - 372. Suppose l = -k - 12. Let m = -3 - k. What is the tens digit of m?
8
Let j = 55 - 53. Suppose -3*q - z = 17, -2*q + 9*z - j = 5*z. Let f(b) = -19*b - 12. What is the tens digit of f(q)?
8
Let v = 14 - 16. Let a be -95*(-3)/(v - -5). Let i = a - 26. What is the tens digit of i?
6
Let f = 22657 - 16022. Suppose 36*k = 41*k - f. What is the hundreds digit of k?
3
Let j(d) = 4*d**2 + 24*d - 21*d - 2*d**2 + 9 - 3*d**2. Let i be j(-4). Let m = i + 156. What is the units digit of m?
7
Suppose 4*h = 24, -3*z - 2*h + 2469 = -18828. What is the tens digit of z?
9
Let a(n) = -4*n**3 - 6*n**2 - 42*n + 99. Let f(c) = -11*c**3 - 18*c**2 - 124*c + 296. Let z(m) = -17*a(m) + 6*f(m). What is the hundreds digit of z(7)?
2
Let z(s) = -s**3 - 5*s**2 + 12*s + 16. Suppose -3*j + 4*j + 19 = 5*r, 0 = 4*r - 20. Suppose 2 = -n - j. What is the units digit of z(n)?
2
Let z = -34054 + 50367. What is the hundreds digit of z?
3
Suppose -169*k + 3*k = -1781826 + 321524. What is the thousands digit of k?
8
Let c(n) = -n**2 - 9*n + 141. Let q be c(8). Suppose 0 = -q*d + 171 + 1369. What is the hundreds digit of d?
3
Let f(v) = 2*v**2 + 22*v + 76. Suppose 2*p + 25 - 3 = 0. What is the units digit of f(p)?
6
Let p = -36 - -39. Suppose -p*z = -2*z - 31. Suppose -86 + z = -j. What is the tens digit of j?
5
Suppose -40 + 56 = 4*g, -2*g = -11*t + 34664. What is the hundreds digit of t?
1
Let s(j) = 6*j + 42. Let o(m) = 15 + 3 - 3*m + m. Let g be o(6). What is the units digit of s(g)?
8
Suppose 4*n + 10*u - 5*u = 2040, 4*n - 2068 = 2*u. What is the units digit of (20/(-4) - -7)*n/2?
5
Suppose 423*z = 434*z - 601095. What is the ten thousands digit of z?
5
Suppose 3*j - 4*o - 12545 = 0, 41*o - 40*o = -3*j + 12550. What is the units digit of j?
3
Suppose -3*d + 4*s + 423 = -762, 9 = -3*s. What is the tens digit of d + ((-6)/(-15))/((-6)/(-15))?
9
Suppose 8 = 12*f - 8*f. Suppose -3*d - 214 = -f*h, -h - 2*d = 2*h - 334. What is the hundreds digit of h?
1
Let f = -3786 + 9915. What is the tens digit of f?
2
Let y(f) be the first derivative of -8/3*f**3 + 1/4*f**4 - 11*f + f**2 - 6. What is the tens digit of y(9)?
8
Let y = -14580 - -20688. What is the units digit of y?
8
Let q 